What are the prime factors of 100945882?
2, 2521, 20021
List the prime factors of 100944.
2, 3, 701
List the prime factors of 7956441899.
7, 8803, 129119
List the prime factors of 27663007.
27663007
What are the prime factors of 736278727?
3221, 228587
List the prime factors of 602673995.
5, 7, 11, 257, 6091
List the prime factors of 88998027.
3, 2029, 14621
List the prime factors of 32188085.
5, 2213, 2909
List the prime factors of 395483942.
2, 7, 23, 157, 7823
What are the prime factors of 121403408?
2, 7, 79, 13721
What are the prime factors of 47217465?
3, 5, 349759
List the prime factors of 181180970.
2, 5, 79, 229343
List the prime factors of 89305202.
2, 7, 449, 14207
List the prime factors of 173444821.
11, 15767711
List the prime factors of 22951809.
3, 43, 53, 373
List the prime factors of 1687697483.
1687697483
List the prime factors of 47460048.
2, 3, 37, 26723
List the prime factors of 635592873.
3, 2089, 101419
List the prime factors of 80584912.
2, 131, 38447
List the prime factors of 651305098.
2, 325652549
What are the prime factors of 8269074619?
13, 636082663
List the prime factors of 84316129.
19, 167, 26573
What are the prime factors of 28706548?
2, 13, 743
List the prime factors of 1614723802.
2, 61, 139, 95219
List the prime factors of 207955765.
5, 23, 733, 2467
List the prime factors of 78403380.
2, 3, 5, 11, 211, 563
List the prime factors of 1299871754.
2, 2161, 300757
What are the prime factors of 70765729?
1747, 40507
List the prime factors of 17148418.
2, 7, 1224887
What are the prime factors of 34472585?
5, 7, 984931
What are the prime factors of 325908521?
325908521
List the prime factors of 161185067.
3271, 49277
What are the prime factors of 1643725900?
2, 5, 16437259
List the prime factors of 53090357.
491, 108127
List the prime factors of 3887938648.
2, 11, 44181121
What are the prime factors of 180431906?
2, 37, 197, 12377
List the prime factors of 49274644.
2, 757, 16273
What are the prime factors of 124028790?
2, 3, 5, 4134293
What are the prime factors of 443114002?
2, 79, 2804519
List the prime factors of 264674004.
2, 3, 7, 1597, 1973
List the prime factors of 2598307111.
2598307111
What are the prime factors of 805652941?
805652941
What are the prime factors of 5504034615?
3, 5, 43, 8533387
What are the prime factors of 1388252400?
2, 3, 5, 23, 179, 281
What are the prime factors of 265370983?
41, 6472463
List the prime factors of 234202542.
2, 3, 7, 73, 76387
List the prime factors of 1797968955.
3, 5, 19, 6308663
What are the prime factors of 2495448455?
5, 43, 227, 51131
What are the prime factors of 620069525?
5, 53, 467977
What are the prime factors of 939763599?
3, 83, 977, 3863
List the prime factors of 391084432.
2, 24442777
List the prime factors of 52759316.
2, 13189829
What are the prime factors of 354875576?
2, 11, 366607
What are the prime factors of 39057459?
3, 7, 37, 43, 167
What are the prime factors of 109515102?
2, 3, 647, 28211
What are the prime factors of 5637735630?
2, 3, 5, 62641507
List the prime factors of 1591854090.
2, 3, 5, 829, 64007
List the prime factors of 224316447.
3, 23, 797, 4079
What are the prime factors of 25949551?
643, 40357
List the prime factors of 4411718466.
2, 3, 8783, 83717
List the prime factors of 116457090.
2, 3, 5, 337, 11519
List the prime factors of 7905958293.
3, 2635319431
List the prime factors of 404671093.
569, 751, 947
What are the prime factors of 34161626?
2, 17080813
List the prime factors of 508367440.
2, 5, 7, 307, 2957
What are the prime factors of 359711986?
2, 71, 163, 15541
List the prime factors of 1708142454.
2, 3, 317, 299359
What are the prime factors of 113034709?
719, 157211
What are the prime factors of 1026449505?
3, 5, 673, 33893
What are the prime factors of 353570260?
2, 5, 23, 768631
List the prime factors of 307356302.
2, 11, 71, 196771
What are the prime factors of 5853822159?
3, 1951274053
List the prime factors of 1448384762.
2, 11, 5985061
What are the prime factors of 281838968?
2, 35229871
List the prime factors of 34546942.
2, 67, 283, 911
What are the prime factors of 669050974?
2, 379, 882653
List the prime factors of 472819468.
2, 11, 10745897
What are the prime factors of 137986677?
3, 587, 26119
What are the prime factors of 846827073?
3, 419, 224563
What are the prime factors of 3111007810?
2, 5, 311100781
List the prime factors of 183602409.
3, 487, 125669
List the prime factors of 78592223.
31, 2535233
What are the prime factors of 558090210?
2, 3, 5, 29, 31, 20693
What are the prime factors of 24809171?
17, 907, 1609
What are the prime factors of 71385000?
2, 3, 5, 4759
What are the prime factors of 1499572243?
13, 115351711
List the prime factors of 856825977.
3, 7, 821, 49697
What are the prime factors of 29783418?
2, 3, 7, 317, 2237
List the prime factors of 146656955.
5, 29331391
What are the prime factors of 53084718?
2, 3, 2949151
List the prime factors of 60158384.
2, 11, 13, 26293
List the prime factors of 78834067.
13, 6064159
What are the prime factors of 16293208?
2, 17, 47, 2549
List the prime factors of 4074527977.
13, 131, 184043
What are the prime factors of 6941937411?
3, 2029, 42239
What are the prime factors of 922443486?
2, 3, 103, 1492627
What are the prime factors of 153673569?
3, 7, 2439263
List the prime factors of 189206021.
41, 211, 21871
What are the prime factors of 2490073906?
2, 3659, 340267
List the prime factors of 492332671.
43, 3169, 3613
What are the prime factors of 3182461539?
3, 23, 46122631
What are the prime factors of 322443864?
2, 3, 4478387
List the prime factors of 2989157170.
2, 5, 281, 1063757
What are the prime factors of 180788897?
17, 10634641
List the prime factors of 2210141193.
3, 13, 56670287
List the prime factors of 23076409.
263, 87743
What are the prime factors of 201673819?
67, 1061, 2837
What are the prime factors of 2460853525?
5, 13, 7571857
List the prime factors of 432489517.
3491, 123887
What are the prime factors of 2376364528?
2, 148522783
List the prime factors of 621366069.
3, 61, 55663
What are the prime factors of 4073538?
2, 3, 7, 96989
What are the prime factors of 549415959?
3, 61, 3002273
What are the prime factors of 102506036?
2, 367, 69827
What are the prime factors of 9771134157?
3, 941, 1153753
List the prime factors of 91173557.
91173557
What are the prime factors of 94847702?
2, 47423851
List the prime factors of 420440513.
420440513
List the prime factors of 225920.
2, 5, 353
What are the prime factors of 565483740?
2, 3, 5, 9424729
What are the prime factors of 19224329?
241, 79769
What are the prime factors of 542195030?
2, 5, 13, 4170731
What are the prime factors of 158946437?
13, 12226649
List the prime factors of 2548303886.
2, 37, 34436539
List the prime factors of 28577108.
2, 7, 67, 15233
List the prime factors of 47834935.
5, 9566987
List the prime factors of 30096735.
3, 5, 67, 29947
What are the prime factors of 1828366776?
2, 3, 8464661
What are the prime factors of 55075988?
2, 11, 17, 29, 2539
List the prime factors of 735056841.
3, 31, 53, 197, 757
What are the prime factors of 58937672?
2, 197, 37397
What are the prime factors of 105914392?
2, 71, 186469
List the prime factors of 48403304.
2, 6050413
What are the prime factors of 1988350708?
2, 3253, 152809
List the prime factors of 1198048379.
11, 367, 296767
What are the prime factors of 693947869?
693947869
List the prime factors of 356225688.
2, 3, 7, 13, 863
List the prime factors of 1992032402.
2, 11801, 84401
What are the prime factors of 1628403860?
2, 5, 81420193
List the prime factors of 501327372.
2, 3, 7, 13, 459091
What are the prime factors of 3039244438?
2, 1519622219
List the prime factors of 7736628192.
2, 3, 17, 1231, 3851
What are the prime factors of 104475949?
641, 162989
What are the prime factors of 939505948?
2, 6311, 37217
What are the prime factors of 236107651?
13, 18162127
What are the prime factors of 570773122?
2, 285386561
List the prime factors of 2168246997.
3, 7, 17, 19, 127, 839
List the prime factors of 1766491184.
2, 110405699
What are the prime factors of 34939182?
2, 3, 17, 83, 4127
List the prime factors of 415640063.
415640063
What are the prime factors of 201586678?
2, 100793339
What are the prime factors of 773